ided by v?
11
Let h(x) = 2*x - 7. Let u be (4/(-6))/(22/(-165)). What is the remainder when 13 is divided by h(u)?
1
Let p(c) = -c**3 - 3*c**2 + 22*c + 26. Calculate the remainder when 10 is divided by p(-6).
0
Suppose 559 = 33*n + 10*n. What is the remainder when 85 is divided by n?
7
Suppose 0 = 60*a + 4*a - 15360. Calculate the remainder when a is divided by 121.
119
Suppose -85 = -23*w + 53. What is the remainder when 6 is divided by w?
0
Suppose 5*l + 3 = -2*x - 138, l = -x - 27. Let n = l - -136. Calculate the remainder when n is divided by 27.
26
Let c(y) be the second derivative of 15*y**4/2 - y**3/6 + y**2 - 12*y. What is the remainder when c(1) is divided by 23?
22
Suppose z - 12 + 13 = 0. Let j(a) = -33*a**3 - a - 1. Let d be j(z). Suppose -3 = -4*h + d. What is the remainder when 34 is divided by h?
7
Let f(n) = 15*n**3 + 1. Let c be f(-1). Let l = -13 - c. Calculate the remainder when 16 is divided by (2 + -2 - -9)*l.
7
Let n(c) = -20*c**2 + 2*c + 3. Let l(p) = p. Let a(u) = -3*l(u) - n(u). What is the remainder when a(-2) is divided by 11?
10
Calculate the remainder when 132 is divided by 6*7/252*222.
21
Let u(c) = -c**3 + 8*c**2 + 7. Let y(i) = 12*i - 52. Let w be y(5). Calculate the remainder when 118 is divided by u(w).
6
Suppose -4*v + 3 + 6 = 3*o, -2*v + 5*o + 37 = 0. Suppose -5*b + v = -39. What is the remainder when 24 is divided by b?
6
Let b = -18 - -25. Suppose -3*u - u - 20 = 0. Let i = b + u. Calculate the remainder when 7 is divided by i.
1
Suppose -428 = -53*i + 102. Calculate the remainder when 378 is divided by i.
8
Suppose -4*q - 26 = -4*w + 114, w = 5*q + 31. What is the remainder when 111 + (24/(-30))/((-1)/(-5)) is divided by w?
35
Let b(g) = g**2 + 6*g - 3. Let y = 88 + -82. What is the remainder when b(y) is divided by 14?
13
Suppose -1 = 2*d - 5. Suppose -5*p + d*p = -48. Calculate the remainder when p is divided by 10.
6
Let z(j) = -651*j - 3. Let i be z(-1). Suppose -7*f - 2*f + i = 0. What is the remainder when f is divided by 37?
35
Suppose 11 = t - 23. Suppose 8 - 28 = -5*u. Suppose -r + 2*s + 24 = r, -s = u*r - 33. Calculate the remainder when t is divided by r.
7
Suppose 4*t - 4*p + 9*p = 101, 2*p + 22 = t. Suppose -4*g + 2*g = t. Let a = 25 + g. What is the remainder when 38 is divided by a?
12
Suppose 4*a = -2*h, 4*h + 0*a - 55 = 3*a. What is the remainder when (-3)/(0/4 + (-3)/15) is divided by h?
5
Suppose -5*b - 277 = 3*n + n, -3*b = n + 169. Let r = b - -92. What is the remainder when r is divided by 8?
3
Suppose -r + 10 = 7. Let b = r - -21. Calculate the remainder when 116 is divided by b.
20
Let a(f) = -f**3 - 20*f**2 - 19*f - 16. Let n be a(-19). Let y = n - -50. Calculate the remainder when 63 is divided by y.
29
Let y = -94 + 42. Let n = y - -1. Let x = -36 - n. Calculate the remainder when x is divided by 8.
7
Suppose -5*q + 167 = -4*z - 54, -q - 3*z = -29. What is the remainder when 81 is divided by q?
40
Suppose 97*z - 88*z = 279. Calculate the remainder when 90 is divided by z.
28
Let y = 38 + -3. Let h = -37 - -41. Suppose h*p + 9 = 5*p. What is the remainder when y is divided by p?
8
Let f(d) be the first derivative of -d**4/4 + 2*d**3 - 2*d**2 + 8*d - 6. Let a be f(5). Let o = a + -4. Calculate the remainder when o is divided by 6.
3
Let t be 49/(-14)*4/(-7). Suppose 0 = -t*p + p + 5. Suppose 33 = -2*x + p*x. Calculate the remainder when 21 is divided by x.
10
Suppose -370*j = -376*j + 120. What is the remainder when j is divided by -3 - (112/4)/(-2)?
9
Suppose -963 = -8*d - 195. Calculate the remainder when 291 is divided by d.
3
Let i be 27*-1*-1*-2. Let b be 5/(-10)*i - 1. Suppose -3*h + 212 - b = 0. Calculate the remainder when h is divided by 13.
10
Let h(c) = -2*c + 17. Calculate the remainder when 217 is divided by h(-8).
19
Let i be -1*((-2 - 0) + -2). Let t be i + 1 + -4 + 2. Suppose -18 = -t*b - 0*b. What is the remainder when b is divided by 3?
0
Let z = -12 + 23. Let f be (-2 - (0 - 2))/2. Suppose -3*b = 5*k - 5, -2*b = 3*k - f*b - 2. What is the remainder when z is divided by k?
3
Suppose 3*u + 28 = f, -f = 2*f + 5*u - 28. Let v be 1 + 2 - (1 + 16). Calculate the remainder when (24/9)/(v/(-147)) is divided by f.
12
Suppose 20 = -r + 5*r - 2*s, 3*r - 4*s - 25 = 0. Let x = -30 - -36. Suppose r*y = x*y - 30. What is the remainder when 38 is divided by y?
8
Suppose 4*u + 5*a + 5 = -10, 2*u = -a - 3. Suppose 0 = -3*s - u*l - 3*l + 189, -3*l + 3 = 0. Let k = -5 - -27. What is the remainder when s is divided by k?
18
Let z(v) = 22*v - 53. Calculate the remainder when z(4) is divided by 5.
0
Suppose -8*w - 10 = -10*w. Suppose 0*c - 68 = -5*c + 3*y, -62 = -w*c - 3*y. Let x = 6 + 1. Calculate the remainder when c is divided by x.
6
Suppose j + 3*j - 20 = 0. Suppose -4*g + j = g. What is the remainder when (-2)/4*(-52)/g is divided by 14?
12
Suppose -2*u + 91 = 5*b, 20 = 15*b - 14*b + u. What is the remainder when b is divided by -2*(-10)/4 + 0?
2
Let p(x) be the first derivative of -3*x**2/2 + 2. Suppose -2*i - 3 = 3. Calculate the remainder when p(i) is divided by 5.
4
Suppose -190 = 4*o + 6. Let n = -32 - o. Let a = 1 + 5. What is the remainder when n is divided by a?
5
Suppose 4*d - 7*d = -6, 4*i - 4*d - 80 = 0. What is the remainder when 745 is divided by i?
19
Suppose -475 - 437 = -8*c. Let t = c - 113. Calculate the remainder when 2 is divided by t.
0
Suppose 0 = 6*n - 3*n - 354. Let x = n + -55. Let y = -26 + x. What is the remainder when y is divided by 13?
11
What is the remainder when 2 + -2 + (-1 - -53) is divided by (-28)/4*((-11)/55 + 190/(-175))?
7
Suppose 149*k = 155*k - 2274. Calculate the remainder when k is divided by 38.
37
Let r be (-5)/((-5)/3)*-2. Let k be 100/15 + r/9. Suppose -t - 35 = -k*t. What is the remainder when 13 is divided by t?
6
Let v(u) = 5*u**2 - 2*u + 7. Let w(s) = 2*s**3 + 2*s - 1. Let m be w(1). What is the remainder when v(m) is divided by 24?
22
Let h(a) = a**2 + 4. Suppose -7*f + 4*f = 0. Suppose -3*d + 2*t = -0*d - 8, d - 5*t + 6 = f. Calculate the remainder when h(d) is divided by 11.
9
Let t = -7 + 7. Suppose t = -0*m - m + 8. Calculate the remainder when m is divided by ((-3)/2)/((-2)/4).
2
Let s = -339 + 383. Let n = 20 + -8. Calculate the remainder when s is divided by n.
8
Calculate the remainder when 3/10 - (-12102)/60 is divided by 13.
7
Let n = -57 + 83. What is the remainder when (14/(-28))/(2*(-2)/704) is divided by n?
10
Suppose 0 = -2*c + 10, -4*c = -q + 6*q - 35. Suppose 4*u + q*u - 14 = 0. Calculate the remainder when 5 is divided by u.
1
Suppose 134*m - 142*m = -336. What is the remainder when 329 is divided by m?
35
Suppose 5*f = 8*f + 3*q - 270, 3*q + 388 = 4*f. Let d(w) = 2*w**2 - 5*w - 1. Calculate the remainder when f is divided by d(5).
22
Suppose 4*m = 16, -4*a + m - 56 = -0*m. Let k(z) = 20*z**2 - z - 2. Let g be k(-1). Let q = a + g. Calculate the remainder when q is divided by 3.
0
Let k = -766 + 794. What is the remainder when 211 is divided by k?
15
Let m = -20 + 94. Let c = -7 - -22. Calculate the remainder when m is divided by c.
14
Suppose 5*v + 68 - 88 = 0. Calculate the remainder when 4 is divided by v.
0
Let l = 50 + -36. What is the remainder when l is divided by 24 + -21*(-24)/(-36)?
4
Suppose 0 = -3*c + n + 44, 3*c - 41 - 1 = 3*n. What is the remainder when c is divided by 4?
3
Suppose 3*d + 166 - 175 = 0. Calculate the remainder when 14 is divided by d.
2
What is the remainder when 16/(-20) + 16190/50 is divided by 36?
35
Let z = -794 - -910. Calculate the remainder when z is divided by 17.
14
Calculate the remainder when 1 - (-5 + 2 + -80) is divided by 17.
16
Let p(m) = -3*m + 7*m**2 - 7*m**2 + 6*m + 4*m**2. Suppose -3*f + 0*f = -87. What is the remainder when f is divided by p(-2)?
9
Suppose 0*z - 4*t + 72 = 2*z, z - 30 = -5*t. Suppose 5*b - b - 620 = 0. What is the remainder when b is divided by z?
35
Let b(v) = -3*v - 5. Suppose -9 = 4*g + 7. Suppose x + 2*i - 6*i = 39, 0 = x + 3*i - 18. Calculate the remainder when x is divided by b(g).
6
Let x be (2/3)/(10/135). Suppose x + 31 = 5*v. What is the remainder when v is divided by 5?
3
Calculate the remainder when 130 is divided by 66/(-77) - 1220/(-35).
28
Let z(l) = l**2 + 5*l - 2. Let h be 4/6*(-126)/(-3). Suppose -h*b = -32*b + 68. Calcu